12 + 2). Calculate the greatest common factor of 9 and x.
9
Let v be 2/7 - 192/(-112). Let r = -2 - -3. Calculate the highest common factor of r and v.
1
Let x = 25 + -14. Suppose 4*l = t - x, -2*l - 4 = -3*l. Suppose -9*v + 11 = -16. Calculate the highest common factor of v and t.
3
Let k = 66 - 3. Let y = 35 + k. Suppose 0 = -6*j + y + 358. Calculate the highest common factor of 19 and j.
19
Suppose -28 = 4*j - 8*j. Suppose 0 = -2*h + j*h - 75. Let y(u) = u**3 + 6*u**2 + 5. Let x be y(-6). Calculate the highest common factor of x and h.
5
Suppose 15*l - 1520 = -5*l. What is the highest common divisor of l and 12?
4
Let d = 91 - 65. Let r = d + -14. Calculate the greatest common divisor of 192 and r.
12
Suppose 7*l = -15*l + 4488. Calculate the highest common factor of 680 and l.
68
Let a = -219 - -1308. Calculate the greatest common divisor of 9 and a.
9
Suppose -152 = 4*j + 8. Let a be (j/(-15))/((-4)/(-6)). What is the greatest common divisor of 10 and a?
2
Let w = 383 + -264. What is the greatest common factor of 7 and w?
7
Let q(i) = -81*i - 1. Let r be q(-1). Let w be (3/(5 + -4))/((-21)/(-112)). What is the greatest common divisor of r and w?
16
Let v = -426 - -832. Suppose 13*i - 114 = v. What is the greatest common divisor of i and 16?
8
Let r(d) = d**3 + 9*d**2 + 13*d + 5. Let j be r(-6). Calculate the highest common factor of j and 35.
35
Let i be ((-3)/(-7) - (-225)/63) + 0. Calculate the highest common divisor of i and 10.
2
Let l = -196 + 200. What is the greatest common divisor of l and 8?
4
Let n = -288 - -291. Calculate the greatest common divisor of n and 168.
3
Let c be (-2)/8 - (13/(-4) - 2). Suppose -5*k - 2 + 8 = 2*n, -4*k - 9 = -3*n. Let a be 8 + (-3 + n - 3). What is the highest common factor of c and a?
5
Suppose 3*m - 157 = -5*l + l, -100 = -2*m + 2*l. Let s = m - 15. Let k = 11 + -2. What is the greatest common factor of k and s?
9
Let n(t) = 6*t**2 + 4*t - 51. Let l be n(6). What is the greatest common factor of l and 21?
21
Suppose -4*k - 5*d = -138, -5*k = -0*d - d - 158. Let a = 104 - k. Calculate the greatest common factor of 9 and a.
9
Let i = -876 + 1095. What is the highest common divisor of i and 146?
73
Suppose -3*v - 198 = -3*l, -l - 5*v = 3*l - 237. Suppose 8 + 13 = 3*r. Calculate the greatest common factor of l and r.
7
Let h = 717 - 469. What is the greatest common factor of h and 24?
8
Let n(r) = -r**3 + 13*r**2 - 35*r. Let l be n(8). Calculate the highest common factor of l and 120.
40
Suppose -159 = -2*j + 147. What is the greatest common divisor of 63 and j?
9
Suppose 3*d - z - 69 = 0, d - z - 21 = 4. Let o be 4*(-5)/4*-2. Suppose 5*m = -o - 0, -3*m - 2 = 2*a. Calculate the highest common factor of d and a.
2
Let w(k) = -k**3 + k**2 + 16. Suppose 4*z = 4*p + 16, -4*z = -5*p - 23 + 3. Let q be w(p). What is the greatest common factor of 72 and q?
24
Suppose -9*p + 5*p + 172 = 0. Let w = 44 - p. Calculate the greatest common factor of w and 5.
1
Let h be 12/(-3 - (-30)/12*2). Calculate the highest common divisor of h and 129.
3
Let l be 3/(2*12/16). Suppose -6*w = -4*j - w + 229, -170 = -3*j + l*w. Calculate the greatest common divisor of 7 and j.
7
Let i = 10 - 7. Suppose i*b + 2*f = 5*f + 36, 0 = 3*b - f - 36. Calculate the highest common factor of 6 and b.
6
Suppose 4*g + t = 3 + 16, g + 3*t = 2. Let x(f) = -f - 5. Let a be x(-7). Let o be (-102)/(-4) + a/(-4). Calculate the highest common divisor of o and g.
5
Let u be -5 + 3 - (0 + -61). Suppose 5*h + 4*f = 66, 3*f = 4*h - 0*f - u. Let d be (21/6)/((-1)/(-2)). Calculate the greatest common factor of h and d.
7
Suppose 5*b + 2*i - 310 = 0, 0*i - 340 = -5*b + 4*i. Let m be (960/(-75))/((-4)/50). Calculate the greatest common factor of m and b.
32
Let o(r) = -2*r - 5. Let g be o(-7). Let t be -2 + -39*(-4 - (-21)/9). What is the greatest common factor of t and g?
9
Suppose 5*m - 4*a - 69 = 0, -3*a = -3*m + 10 + 29. Calculate the greatest common divisor of m and 2040.
17
Let b be (-20)/(-7)*(-301)/(-86). Calculate the highest common divisor of 16 and b.
2
Let n(x) = -x**3 - 2*x**2 + 12*x + 47. Let b be n(-4). Calculate the highest common divisor of 496 and b.
31
Suppose 6 = 2*l - 4*p, 2*p + 15 = 5*l + 4*p. Suppose -8*g + 10 = -l*g. Let v be (g - -1) + (12 - -7). Calculate the highest common divisor of 2 and v.
2
Let s be (-2)/6*14/2*-51. What is the greatest common divisor of s and 7?
7
Suppose 0 = d + d - 4. Let p be (d + -6)/(-4) - -17. Let x = p - 2. What is the highest common factor of 4 and x?
4
Let d = 385 - 250. Suppose -3*p = 3*c - 39, 24 = 2*p + 4*c - c. Calculate the highest common factor of d and p.
15
Suppose 6*k - 29*k + 1771 = 0. Suppose 56 - 4 = 4*i. Suppose -i + 35 = 3*x - y, 5*x = 4*y + 39. Calculate the greatest common factor of x and k.
7
Suppose 1105 = 5*k + 8*n - 5*n, 2*n - 221 = -k. What is the greatest common factor of k and 34?
17
Suppose -439 = 6*o - 2077. Calculate the greatest common divisor of o and 143.
13
Let l be 181 - (-4 - (3 - 11)). Calculate the highest common factor of 1003 and l.
59
Let r(n) = -12*n**3 - 2*n**2 + 3*n + 4. Let q be r(2). Suppose 3*y + 67 = -80. Let d = y - q. What is the greatest common factor of d and 15?
15
Suppose -10*q + 630 = -0*q. Suppose 2*m = -0*m + 40. Let z be 2 + 1*m*2. What is the highest common divisor of z and q?
21
Suppose 4*k + 106 - 158 = 0. What is the highest common factor of 39 and k?
13
Let k = -669 + 741. What is the highest common divisor of k and 18?
18
Let w = 56 - 49. Suppose -2209 = -w*y - 543. Calculate the highest common factor of 34 and y.
34
Suppose 0*k - 3*k = 3*m - 18, -2*k + 24 = -m. Suppose -15 - k = 5*w, 3*s = -4*w + 52. Calculate the highest common factor of s and 192.
24
Suppose -i - 89 + 98 = 2*f, -i + 3*f = 6. Suppose 0*r = -3*r - 6. Let z = r - -26. What is the greatest common factor of z and i?
3
Let s(o) = -84*o - 4. Let r be s(-1). What is the highest common factor of 96 and r?
16
Suppose -2*k - 2*w = -60, -117 = -4*k + 4*w - 5*w. Let b(z) = 3 + z + 20*z**2 - 3 + k*z**2. Let c be b(1). What is the greatest common factor of c and 10?
10
Let l = 9 + -7. Let x be 6 + 1/(l/(-6)). Let n = 10 - x. Calculate the highest common factor of n and 7.
7
Suppose -2*b = -5*p - 0*p - 13, 5 = 2*b + 3*p. Suppose -5*u + 3*h + 168 = 0, 2*u - 31*h = -28*h + 60. Calculate the highest common factor of b and u.
4
Suppose -3*p = -0*h + h - 29, 0 = p + 2*h - 8. What is the highest common factor of p and 4?
2
Suppose 3*d + 15 = 0, -2*p - d - 18 = 3*d. Suppose -2*a + 5*r = -65, a - 99 = -3*r - 83. What is the greatest common factor of a and p?
1
Let h = 402 + -401. Suppose -s + 1 = -0. What is the highest common factor of h and s?
1
Suppose 4*a + 3*c - 97 = 0, -5*a + 24 = -2*c - 80. Calculate the highest common divisor of 792 and a.
22
Suppose -h - 1 = 3*t - 5*h, -2*t - 3*h = -5. Let c be ((-8)/(-6) - t)*12. Calculate the greatest common divisor of 12 and c.
4
Suppose 9*y - 24*y = -75. Calculate the highest common factor of 1 and y.
1
Let y be 5/(5/4)*4. Suppose -2*t + y = 2. Suppose -199 = -4*m - 3*g, 4*m + 2*g - 191 = 7*g. Calculate the greatest common factor of m and t.
7
Suppose -4*p + 111 = -129. Let b = -105 + p. Let v be b/6*32/(-20). Calculate the greatest common divisor of v and 18.
6
Let j(h) = 145*h - 176. Let w be j(8). What is the highest common divisor of w and 24?
24
Let n(c) = c**2 + 31*c + 73. Let s be n(-32). What is the greatest common factor of s and 25?
5
Suppose -9*h = -3*h. Suppose 5*u - 237 + 37 = h. Calculate the greatest common factor of u and 8.
8
Suppose 4*j = 2*k + 164, -5*k + 10*k = -20. Suppose 7*q = 3 + j. Let m(n) = -n. Let l be m(-6). What is the greatest common factor of l and q?
6
Suppose -3*p + 78 = -0. Let y be 2*3/(-6) + 232. Let o be 6*(-1)/(-2) + y. What is the greatest common divisor of o and p?
26
Suppose -l + 85 = -2*s - 19, 5*s = 5*l - 540. Suppose 0 = 3*r - 7*r + l. What is the highest common divisor of r and 7?
7
Let h(r) = 3*r**2 + 9*r - 1. Let p be h(-9). Calculate the highest common factor of 7 and p.
7
Suppose 6*q - 1555 = 1943. Calculate the greatest common factor of q and 44.
11
Let n(w) = 47*w + 664. Let a be n(-11). Calculate the greatest common factor of 490 and a.
49
Let l = 1434 + -1420. Suppose 2*n - 56 = 14. What is t